/(-84)*139/2?
3, 139
Suppose 2*y - 898 = -2*d, 916 = 4*d - 3*y - 859. What are the prime factors of d?
2, 223
Let t(d) be the second derivative of 9*d**5/20 + d**4/6 - d**3/2 + d**2/2 + 2*d. Let c be t(2). Suppose -s + c = 4*s. List the prime factors of s.
3, 5
Let y be 75 - 6/(9/3) - 3. Let j = -4 + 7. Suppose -j*i - 4*o = -171, -3*i + y = 5*o - 104. What are the prime factors of i?
53
Let m(p) = -2*p + 12. Let x be m(0). Let b be -14 + 3/(9/x). Let s = b + 15. What are the prime factors of s?
5
Suppose -14 = -2*i + 5*n, 2*i - 4*i - 5*n - 26 = 0. List the prime factors of 34/17 + i/(6/(-140)).
2, 3
Let y = 72 - 24. Let q be 1/(-4) - (-204)/y. Let p = 30 + q. What are the prime factors of p?
2, 17
Let c be (14/(-6))/(2*(-5)/30). Let u(r) = 6*r + 26. What are the prime factors of u(c)?
2, 17
Let c(o) = -o - 1. Let y be c(6). Let b(r) = -3*r**3 - 8*r**2 + 4*r + 7. Let t be b(y). List the prime factors of 4/10 + t/10.
2, 31
Let d = -25 - -28. List the prime factors of 166/2 + d + -4 + 2.
2, 3, 7
Let g(n) = -9*n + 29. List the prime factors of g(3).
2
Let r be (4/(-10)*5)/6*18. Let u(f) be the second derivative of -f**3/2 + 7*f**2/2 - f. What are the prime factors of u(r)?
5
Suppose -155 + 2 = -3*d. Suppose 87 = 3*y - m, 2*y - d = 6*m - 3*m. List the prime factors of y.
2, 3, 5
List the prime factors of ((7 - 15) + 31)/((-1)/(-15)).
3, 5, 23
Let s be ((0 - -3) + -7)/(-1). Suppose 0 = -2*k + 4*k - s. Let t = k + 2. What are the prime factors of t?
2
List the prime factors of (-10)/((-50)/297)*15.
3, 11
Let o(v) = v. Let w be o(3). Let z = w - 4. Let p = 7 - z. What are the prime factors of p?
2
Suppose -5*s + 15 = -8*s, -2*s - 6337 = -3*r. List the prime factors of r.
3, 19, 37
Let t = 31 + -29. Suppose -3*h - 2*h - t*f + 14 = 0, 0 = h - 2*f + 2. Suppose c - h*c = 0, 76 = 4*x - 2*c. What are the prime factors of x?
19
Let h be (22/(-4))/((-3)/18). What are the prime factors of 7/((2/h)/((-2)/(-3)))?
7, 11
Suppose -4*a - a + 20 = 0. Let u be ((-3)/a)/((-7)/28). List the prime factors of 2 - (u + -2)*-5.
7
Let t be (-17)/(-3) + (-36)/54. Suppose -t*y = 2*l - 156, 5*l + 3*y = 112 + 297. List the prime factors of l.
83
Let d be (4/3)/(2/24). Let w = d + -44. What are the prime factors of -7*((-24)/w)/(-1)?
2, 3
Let c(b) = b**3 + 28*b**2 - 20*b + 11. What are the prime factors of c(11)?
2, 5, 11, 41
Suppose r = -7*r + 24. Suppose -j + 98 = 2*w, -4*w - r*j + 0*j = -198. What are the prime factors of w?
2, 3
Suppose -26 = -4*u + 66. What are the prime factors of u?
23
Suppose 77 + 7 = 2*n. Suppose 2*r = -24 - n. What are the prime factors of 11/r + (-182)/(-6)?
2, 3, 5
What are the prime factors of (8 - -170)*1 + -8?
2, 5, 17
Suppose 2*f + 1 = 7. Suppose -f*t + 8 = -t. Suppose 51 = t*h - h. List the prime factors of h.
17
Suppose 2*y - 6*y + l + 4913 = 0, 0 = -5*l - 25. What are the prime factors of y?
3, 409
Suppose 36 = -a + 7*a. List the prime factors of 15/a*456/30.
2, 19
List the prime factors of (-8)/(-2)*((-5)/(-4) + 8).
37
Let a(n) = 52*n**3 + 6*n**2 - 8*n - 2. List the prime factors of a(2).
2, 211
Let m(j) = 30*j**2 + 14*j - 58. What are the prime factors of m(11)?
2, 3, 23
Let a = -2405 - -3472. List the prime factors of a.
11, 97
Let x(w) = -111*w - 1. Let p be x(-2). Let k = -65 + p. What are the prime factors of k?
2, 3, 13
Let n(l) = -4*l + 8. Let o be n(-6). Let p be (-422)/(-8) - (-8)/o. Let m = p + -32. List the prime factors of m.
3, 7
Let f(x) = x**2 + 3*x. Let q be f(-4). List the prime factors of ((-43)/(-2))/(2/q).
43
Let l(q) = -2*q - 18 - 2*q + q + 19. Let p be -1*2*(-15)/(-6). List the prime factors of l(p).
2
Suppose 5*d + 950 = 5*o, 2*d = -3*o + 221 + 329. What are the prime factors of o?
2, 3, 31
Suppose -k - n - n + 369 = 0, -3*k = -3*n - 1080. Suppose r = 2*s + 119, s + 3*s + k = 3*r. What are the prime factors of r?
5
Suppose -3*z + 1 = -2. Let b(i) = -6*i. Let d be b(z). What are the prime factors of 66/((d - -4)*-1)?
3, 11
Let w = 560 + -250. What are the prime factors of w?
2, 5, 31
Let r be 271/6 + (-7)/42. Suppose -5*f + 0 = -r. Suppose -i = 3*y - 48, -2*y + f = -5*i - 6. List the prime factors of y.
3, 5
Suppose -3*w = -7*w + 4. Let z(t) = 324*t**2 + t - 2. List the prime factors of z(w).
17, 19
Let h = 53 - 64. What are the prime factors of (2/5)/(h/(-3135))?
2, 3, 19
Let b = -17 - -40. Let u = -19 + b. Suppose 0 = u*n + 26 - 150. List the prime factors of n.
31
Let i = -870 + 887. List the prime factors of i.
17
Let i be 2/(-5) - (-187)/55. Suppose u + 130 = i*u. What are the prime factors of u?
5, 13
List the prime factors of (1686/21)/((-26)/(-273)).
3, 281
Let l(n) = n + 4. Let h be l(-3). Suppose -2 = -3*i - b, -5 = -i + b + h. Suppose 5*o - 5*v = -10*v + 270, -o - i*v = -57. List the prime factors of o.
3, 17
Let j be (-2)/14 - 340/(-28). Let f(b) = -b**2 + 10*b + 29. List the prime factors of f(j).
5
Suppose -22 - 768 = -5*v. What are the prime factors of v?
2, 79
Suppose 15*f - 19*f = -72. List the prime factors of (-260)/78*f/(-5).
2, 3
Let q be ((-1)/((-3)/(-998)))/(21/(-63)). Suppose -7*k = -q + 46. List the prime factors of k.
2, 17
Suppose -2*r - 17 = 11. What are the prime factors of 15 + r - (-2 + -1)?
2
Suppose 2*k - i = -58, -42 = -k + 3*k + 3*i. Let l = -39 - k. Let c = -9 - l. What are the prime factors of c?
3
Let o be ((-1)/2)/(2/(-8)). Suppose 3*q + 5 = -o*q. List the prime factors of -5 + 28 - q/(-1).
2, 11
Let w = 1695 + 1010. List the prime factors of w.
5, 541
Suppose 23*b = -5*b + 9688. What are the prime factors of b?
2, 173
Let b(g) be the second derivative of -2*g**3/3 + 6*g**2 - 20*g. What are the prime factors of b(-9)?
2, 3
Let z = 1276 - 719. Let y = z - 318. What are the prime factors of y?
239
Suppose z + 0*z = 6. Suppose z*u - 3*u - 9 = 0. Suppose 2*f - 51 = -u*o, -2*f + 3 = -f - 3*o. What are the prime factors of f?
2, 3
Let z = -62 + 68. Let i = 11 - 23. Let h = z - i. List the prime factors of h.
2, 3
Let i(t) be the third derivative of t**6/120 - t**5/10 + t**4/6 - 3*t**3/2 + 2*t**2. What are the prime factors of i(6)?
3, 5
Let v be (60/40)/(2/4). List the prime factors of (0 - 1)/(v/(-195)).
5, 13
Let m(f) = 2*f**2 + 129*f + 87. List the prime factors of m(23).
2, 257
Suppose 0 = 2*i + 2*i + 3*v - 244, 3*i = -4*v + 183. Suppose -11 - 3 = -2*t. Suppose i = t*h - 79. What are the prime factors of h?
2, 5
Let o(r) = 72*r**3 + 2*r - 2. Suppose -x + 1 = -0*x. List the prime factors of o(x).
2, 3
Let n = 35 - -17. Let d = 74 - n. List the prime factors of d.
2, 11
Let c = -220 + 258. List the prime factors of c.
2, 19
Suppose 0 = 3*q - 0*t + 3*t - 237, 318 = 4*q + 3*t. Let k = -59 + q. List the prime factors of k.
2, 11
Let f = -652 + 3683. List the prime factors of f.
7, 433
Suppose -2*j - r = -1037 - 3237, -4286 = -2*j + 2*r. What are the prime factors of j?
3, 23, 31
Let f(t) = 3*t**3 + 4*t**2 - 7*t + 5. What are the prime factors of f(7)?
1181
Suppose 2*q + 23 = a - 55, -4*a + 160 = -4*q. Let g = 53 + q. What are the prime factors of g?
3, 5
Let m(l) be the third derivative of l**5/20 - l**4/12 + l**3/6 - 3*l**2. Let g be m(1). Suppose 2*i - a = 53, a - 37 - 22 = -g*i. List the prime factors of i.
2, 7
Suppose -3*f + 13740 = 9*f. What are the prime factors of f?
5, 229
Let x(d) = 2*d**2 - 11*d + 5. Let w be x(5). Suppose w = -21*p + 25*p - 412. Suppose -4*i + 81 + p = 0. List the prime factors of i.
2, 23
Let v be -2 + -1 - -25 - 3. Let d = v + -17. Suppose d*x - 4*q = 3 + 15, -2*x + q + 24 = 0. What are the prime factors of x?
13
Let l(c) = c**3 - 37*c**2 + 27*c + 240. What are the prime factors of l(37)?
3, 7, 59
List the prime factors of (26/(-3) - -4)/((-2)/339).
7, 113
Let z = -19 + 33. Let l = z + -12. Suppose -i + 13 - l = 0. What are the prime factors of i?
11
Let l(s) = s**3 + 2*s**2 + 3*s + 5. Let g be l(-2). Let q be g - 10/(-6 + 1). What are the prime factors of 9/4*(q + 19)?
3, 5
Let h(g) = -g - 3. Let l(j) = -j**2 + 5*j - 3. Let d be l(3). Let s be h(d). Let p = 11 - s. What are the prime factors of p?
17
Suppose 4*f - 8 = 0, -5*f = 2*t + 1653 - 7571. What are the prime factors of t?
2, 7, 211
Suppose l = d - 31, -l - 158 = -5*d + 3*l. Let q = d - 30. List the prime factors of q.
2
Let d = -21 - -17. Let v be 6/(2 + d) + 1. Let w = v - -10. What are the prime